of -2 + 32 + 3 + v?
8
Suppose -3*o - 2*o = -1690. What is the tens digit of o?
3
Let i = 6898 - 2462. What is the hundreds digit of i?
4
Let z(b) = -2*b + 22. Let p be z(12). What is the units digit of -7 + 7 - 28/p?
4
Let y(k) = 2*k - 1. Let c be y(2). Suppose w + 11 = -5*f, 6 = -c*f - 3. What is the tens digit of ((-10)/w)/(4/(-24))?
1
Let z(p) = -p**3 + 9*p**2 + 4*p + 12. Let u be z(9). Suppose r - 3*r = -u. What is the units digit of r?
4
Let p(f) = -8*f - 55. What is the units digit of p(-17)?
1
Let j = 2772 + -1894. What is the hundreds digit of j?
8
Let g = -12 - -17. Let y be (3 - g)*15/(-2). What is the units digit of (-154)/(-6) + (-10)/y?
5
Suppose -21 - 51 = -3*m. Let d be ((-36)/m)/((-1)/6). Suppose o - d = -7. What is the units digit of o?
2
Suppose 9 = -3*i - 0, 2*x = 3*i + 2703. What is the units digit of x?
7
Suppose 0 = -3*b + 12 + 3. What is the tens digit of (2/b)/((-4)/(-380))?
3
Let m(p) = -p**2 - 6*p - 8. Let y be m(-7). Let b = -12 - y. Suppose -11 = 2*a + k - 59, 56 = 2*a + b*k. What is the tens digit of a?
2
Suppose 935 = 5*h + 2*x, -4*x = 3*h - 0*h - 561. What is the hundreds digit of h?
1
Let h be (-2)/(-3) + 21/9. Suppose u + h*s + 76 = 2*u, 5*u = -s + 332. What is the tens digit of u?
6
Suppose 0 = 57*x - 58*x + 57. Suppose 4*w + x - 425 = 0. What is the tens digit of w?
9
Suppose 56*a - 678 = 54*a. What is the tens digit of a?
3
Let z = 510 - 358. Let i = 249 - z. What is the units digit of i?
7
Let f(p) = 8*p**2 - 59*p - 381. What is the units digit of f(-17)?
4
Let q = -40 + 81. Let m = 10 + -6. Suppose -87 - q = -m*j. What is the units digit of j?
2
Let i = 255 + 22. What is the units digit of i?
7
Suppose -97 = -4*h - b, 2*h - h + 5*b - 10 = 0. Suppose 10 = u + h. What is the units digit of (-3)/(-15) - 552/u?
7
Suppose -b - 2*b = -k - 755, -2*b - 5*k = -492. What is the units digit of b?
1
Suppose 0 = 4*z - 2*n - 1854 - 356, 0 = -2*z - 4*n + 1130. What is the units digit of z?
5
Let a = 251 - -444. What is the hundreds digit of a?
6
Let t = -14 + 118. Let z = t - 70. What is the units digit of (-1240)/(-136) - 4/z?
9
Suppose 34916 = -171*i + 199*i. What is the units digit of i?
7
Let r(d) = d**3 + 19*d**2 - 46*d - 42. What is the tens digit of r(-21)?
4
Let h(a) = 39*a + 19. What is the units digit of h(0)?
9
Suppose -15*r + 12 = -9*r. Suppose 0 = -r*d - 7*d + 1863. What is the hundreds digit of d?
2
Let b(m) = m**2 + 2*m - 10. What is the tens digit of b(-14)?
5
What is the tens digit of 182/(-1 + (132/(-40))/(-3))?
2
Let i be 9*-3*2/(-18). Suppose s + 0*s - 4 = -i*j, -2*s - j = 17. What is the units digit of (-409)/s + (-4)/22?
7
Let s(p) = 4*p + 372. What is the units digit of s(-53)?
0
Suppose 12*j - 3*j - 207 = 0. What is the tens digit of j?
2
What is the hundreds digit of (-4 - 0)/(1800/905 - 2)?
3
Suppose -7*t + 366 = -3*t - 2*q, 3*t = -4*q + 258. What is the units digit of t?
0
Let b(i) = 4*i**2 + 3*i + 12. What is the tens digit of b(-6)?
3
Suppose -6526 = -19*y + 1359. What is the tens digit of y?
1
Let g be 6*-2*3/(-4). Let f be (40/(-6))/((-3)/g). Suppose -m + 10 = -v, -4*v + 8*v + f = 2*m. What is the units digit of m?
0
Suppose -7 = 2*a - 119. Let z = -17 + a. What is the tens digit of z?
3
Let r be 6/(-18) + (-80)/(-6). Let j(k) = 17*k + k**2 - 36*k - 7 + r*k. What is the tens digit of j(-5)?
4
Suppose -735 - 3957 = -23*l. What is the tens digit of l?
0
Suppose 13 - 3 = 5*k. Suppose -6*t + 2*t + 242 = k*j, 20 = -4*j. What is the tens digit of t?
6
Let s be 2 + 5 + -4 - -1. What is the units digit of s + ((-4)/6)/(2/(-417))?
3
What is the hundreds digit of 238/(0 - 5*6/(-645))?
1
Let r = -832 + 1980. What is the tens digit of r?
4
Suppose -6*y - 98 - 166 = 0. Let v = 26 - y. What is the tens digit of v?
7
Let y(i) = -75*i**3 + 3*i**2 + i + 2. What is the units digit of y(-2)?
2
Let x = 16 - 16. Suppose 29 = -s - x. Let w = s - -56. What is the tens digit of w?
2
Let f be ((-2)/((-24)/(-954)))/(3/4). Let n = -94 - f. What is the tens digit of n?
1
Let a(j) = 11*j - 5. Let u be a(2). Let n = u + -13. Suppose n = 2*t - 5*y - 62, -4*y + 48 = 2*t. What is the tens digit of t?
2
Let h be (8/(-20))/(2/20). Let f be (-154)/7*(-6)/h. Let m = f + 56. What is the units digit of m?
3
Let y = 7 + -6. Let j be (-8 - y)*(-12)/18. Let s(r) = -r**3 + 6*r**2 + r. What is the units digit of s(j)?
6
Suppose 13*f - 16*f + 225 = 0. Suppose 7*q = 5*q, -2*q - f = -c. What is the tens digit of c?
7
Let t = -50 - -46. Let o(n) = 4*n**2 + 4*n - 3. What is the units digit of o(t)?
5
Suppose 0*z = -4*z + 8. Let s(f) = 11*f**2 + f + 2. Let l be s(-3). Suppose 4*u - l = -z*q, 4*u + u = -2*q + 123. What is the tens digit of u?
2
Let v(y) = -200*y - 15. What is the units digit of v(-3)?
5
Suppose -d + 15*d - 7812 = 0. What is the tens digit of d?
5
What is the thousands digit of 3883/2 - ((-8)/(-16))/1?
1
Let m be 218/8 - (-1)/(-4). Let z = 62 + -83. Let g = z + m. What is the units digit of g?
6
What is the tens digit of ((-6)/4)/((-41)/21730)?
9
Let g be 5 + -5 + 2 + 0. Suppose -4*d - 4 = g*s - 6*s, d + 5 = 5*s. Suppose -5*y + 0*w = w - 50, d = 4*y - w - 40. What is the units digit of y?
0
Let m be ((-32)/40)/(4/(-610)). Let q = m - -107. What is the hundreds digit of q?
2
Let s(o) = o**2 - 6*o + 2. Let a be s(6). Suppose -3*g = t - 49, -a*t - 2*t = g - 251. What is the units digit of t?
4
Let z(d) = 3*d**3 - 22*d**2 + 18*d + 21. What is the units digit of z(11)?
0
Let o(g) = -39*g. Let f be 1/(7/(-5) + 6/15). What is the tens digit of o(f)?
3
Let m(h) = -h**2 - 14*h + 4. Let j be m(-14). Let w = 4 - 2. Suppose -w*s + 27 + 68 = f, -5*s = -j*f - 218. What is the tens digit of s?
4
Let c(s) = -s**2 + 6*s + 7. Let q be c(6). Suppose -8*g + 215 = q. What is the units digit of g?
6
Suppose 3*p - 3 = 0, 0 = -f + 2*p + 1511 + 254. What is the tens digit of f?
6
Suppose 3*d - 18 = -5*b + 15, -11 = -d - 2*b. Let l = d + 13. Let n = l + -13. What is the units digit of n?
1
Let v(p) = -p**3 + 8*p**2 - p - 7. Let n be v(7). Suppose w = 2*w - n. What is the units digit of w?
5
Let h(g) = 3*g**2 + 10*g + 6. Suppose 2*f + 1 = -15. What is the units digit of h(f)?
8
Let c = -4 - -70. Suppose 0 = -4*z + 18 + c. Let r = 44 - z. What is the units digit of r?
3
Let c(f) = 28*f**2 - 22. What is the hundreds digit of c(-5)?
6
Let a = -169 - -419. Suppose 0 = 6*c - 422 - a. What is the hundreds digit of c?
1
Let o = -39 + 934. Suppose -o - 1481 = -9*f. What is the units digit of f?
4
Suppose -6*u + 4*u + 2652 = 0. What is the units digit of u?
6
Suppose 3*v - 61 = v - i, -3*i = 3*v - 99. Suppose 0 = -5*m + 317 + v. What is the tens digit of m?
6
Let n = 0 + 2. Suppose -u = n*u - 12. Suppose 0 = -3*v - u*w + 28, 2*v + 8 = -4*w + 32. What is the units digit of v?
4
Suppose -2*k + 2*r + 89 = -k, 0 = 3*k - 2*r - 287. Let p = 58 - k. Let j = -27 - p. What is the units digit of j?
4
Let i = 255 - -29. What is the hundreds digit of i?
2
Let f(t) = 33*t + 23. Let w be f(19). Suppose -5*l - w = -4*m, 2*l + 0 - 4 = 0. What is the hundreds digit of m?
1
Let h be ((-6)/4)/((-9)/(-132)). Let a be (-40)/h - (-4)/22. What is the units digit of (a/4)/(4/120)?
5
What is the units digit of 3 + ((-717)/6)/(3/(-12))?
1
Suppose 3*f + 252 = -3*f. Let s = -18 - -10. Let d = s - f. What is the tens digit of d?
3
Suppose g + 0*g = 4*a + 926, 0 = 2*g - 4*a - 1836. Suppose 5*p - g = s + 26, -3*p + 560 = -s. What is the units digit of p?
8
Let f be (3 - 2)*0/(-1). Suppose w + 3*w = f. Suppose -5*d + 54 = 4*m - 3*d, -2*m + 2*d + 12 = w. What is the tens digit of m?
1
What is the hundreds digit of (5 + -11)*((-355)/3 - -2)?
6
Let a be 2 + -4 - 0 - -6. Suppose 262 - 70 = a*g. Let r = 78 - g. What is the units digit of r?
0
Let w be -4*(-3 + (-2)/(-1)). Suppose 2*n + 0*k + 3*k - 7 = 0, w*n = -3*k + 23. What is the units digit of n?
8
Let x be (6/(-8))/(18/(-288)). Let k(s) = -s**3 + 12*s**2 + 12*s - 4. What is the hundreds digit of k(x)?
1
Let o = 35 + -30. Suppose 20 = 2*s + 4*c, 0 = -s - o*c - 2 - 3. What is the units digit of s?
0
Let o(i) = i. Let u = -12 + 9. Let y(b) = -2*b**2 - 5. Let q(f) = u*o(f) - y(f). What is the units digit of q(4)?
5
Suppose -505*q + 514*q - 33156 = 0. What is the units digit of q?
4
Let d = 1362 - 633. What is the tens digit of d?
2
Suppose 